{"id":757,"date":"2020-04-06T12:11:11","date_gmt":"2020-04-06T12:11:11","guid":{"rendered":"http:\/\/newhelp.iwareprint.pl\/?page_id=757"},"modified":"2025-09-15T12:00:13","modified_gmt":"2025-09-15T12:00:13","slug":"aktualizacje-2","status":"publish","type":"page","link":"https:\/\/iwareprint.pl\/help\/aktualizacje-2\/","title":{"rendered":"Aktualizacje"},"content":{"rendered":"<link rel=\"stylesheet\" href=\"https:\/\/iwareprint.pl\/updates\/version-changes.css\">\n<section id=\"list-top\">\n<div class=\"container\">\n<div class=\"header\">\n<h4 class=\"white-header\">Aktualizacje<\/h4>\n<h1>Pracujemy na okr\u0105g\u0142o<\/h1>\n<p>&nbsp;<\/p>\n<div class=\"filters\"><label for=\"yearFilter\">Filtruj po roku:<\/label><br \/>\n<select id=\"yearFilter\"><option value=\"\">Wszystkie lata<\/option><\/select><br \/>\n<button id=\"resetFilter\">Reset<\/button><\/div>\n<\/div>\n<div id=\"loading\" class=\"loading\">\n<div class=\"spinner\"><\/div>\n<p>\u0141adowanie danych&#8230;<\/p>\n<\/div>\n<div id=\"error\" class=\"error\" style=\"display: none;\">\n<p>Wyst\u0105pi\u0142 b\u0142\u0105d podczas \u0142adowania danych.<\/p>\n<p><button id=\"retryBtn\">Spr\u00f3buj ponownie<\/button><\/p>\n<\/div>\n<div id=\"content\" class=\"content\" style=\"display: none;\">\n<div id=\"versionList\" class=\"version-list\"><!-- Version items will be inserted here --><\/div>\n<div id=\"pagination\" class=\"pagination\">\n<p><button id=\"prevPage\" class=\"page-btn\">\u00ab Poprzednia<\/button><\/p>\n<div class=\"page-info\">Strona <span id=\"currentPage\">1<\/span> z <span id=\"totalPages\">1<\/span><\/div>\n<p><button id=\"nextPage\" class=\"page-btn\">Nast\u0119pna \u00bb<\/button><\/p>\n<div class=\"page-size\"><label for=\"pageSize\">Wynik\u00f3w na stronie:<\/label><br \/>\n<select id=\"pageSize\"><option selected=\"selected\" value=\"5\">5<\/option><option value=\"10\">10<\/option><option value=\"25\">25<\/option><option value=\"50\">50<\/option><option value=\"100\">100<\/option><\/select><\/div>\n<\/div>\n<\/div>\n<\/div>\n<\/section>\n<p><script src=\"https:\/\/iwareprint.pl\/updates\/version-changes.js\"><\/script><\/p>\n","protected":false},"excerpt":{"rendered":"<p>Aktualizacje Pracujemy na okr\u0105g\u0142o &nbsp; Filtruj po roku: Wszystkie lata Reset \u0141adowanie danych&#8230; Wyst\u0105pi\u0142 b\u0142\u0105d podczas \u0142adowania danych. [&hellip;]<\/p>\n","protected":false},"author":1,"featured_media":0,"parent":0,"menu_order":0,"comment_status":"open","ping_status":"open","template":"elementor_header_footer","meta":{"_acf_changed":false,"footnotes":""},"class_list":["post-757","page","type-page","status-publish","hentry"],"acf":[],"_links":{"self":[{"href":"https:\/\/iwareprint.pl\/help\/wp-json\/wp\/v2\/pages\/757","targetHints":{"allow":["GET"]}}],"collection":[{"href":"https:\/\/iwareprint.pl\/help\/wp-json\/wp\/v2\/pages"}],"about":[{"href":"https:\/\/iwareprint.pl\/help\/wp-json\/wp\/v2\/types\/page"}],"author":[{"embeddable":true,"href":"https:\/\/iwareprint.pl\/help\/wp-json\/wp\/v2\/users\/1"}],"replies":[{"embeddable":true,"href":"https:\/\/iwareprint.pl\/help\/wp-json\/wp\/v2\/comments?post=757"}],"version-history":[{"count":12,"href":"https:\/\/iwareprint.pl\/help\/wp-json\/wp\/v2\/pages\/757\/revisions"}],"predecessor-version":[{"id":7835,"href":"https:\/\/iwareprint.pl\/help\/wp-json\/wp\/v2\/pages\/757\/revisions\/7835"}],"wp:attachment":[{"href":"https:\/\/iwareprint.pl\/help\/wp-json\/wp\/v2\/media?parent=757"}],"curies":[{"name":"wp","href":"https:\/\/api.w.org\/{rel}","templated":true}]}}